te?
False
Is (-1185711)/(-39) + (-9)/(702/(-12)) composite?
False
Suppose 1966 = w - 2232. Is w a composite number?
True
Let x be (-1)/(-1) + -1 + (-16 - -16). Is ((-38)/4)/(5/(-290)) - x prime?
False
Let m be (0/2)/(4/2). Suppose -r = -m*r - 188. Suppose -p = -5*p + r. Is p composite?
False
Suppose 4*x = -3*s + 9187, x - 855 = -2*s + 1448. Is x a prime number?
True
Let f(z) = 2*z + 11 + 4 - 3*z + 0*z + 0*z. Let d be 3*1*(-14)/6. Is f(d) composite?
True
Is 2*11701 - (64 - 61) prime?
True
Let w be ((-4)/(-7))/((-2)/7). Is (-2 + (-2)/w)*-15 prime?
False
Suppose -4*l + 5 = l, 0 = -5*m - 2*l - 1068. Let q(i) = -142*i + 3. Let z be q(-3). Let a = z + m. Is a composite?
True
Let s be (-3)/(-15) + (-3)/15. Let n = s - -5. Suppose -n*a = -10, -a = -r - 2*a + 13. Is r a composite number?
False
Suppose 1893 = 4*b - 6799. Is b a composite number?
True
Let k = -27 + 23. Let f(n) = 5 + 0 - 7*n - 2 - 5. Is f(k) a prime number?
False
Let p = -10681 + 15414. Is p prime?
True
Suppose -u + 2 = -3. Suppose 5*h + 2*r - 407 = -0*r, u*r = -3*h + 229. Is h a composite number?
False
Let d be (-10)/(-60) + 74/(-12). Let h = -3 - d. Is -76*(h + 34/(-8)) composite?
True
Let q(s) = -2*s**3 + 6*s**2 - 10*s - 11. Let i(k) = -k**2 - 12*k - 17. Let m be i(-11). Let c be q(m). Let o = 726 + c. Is o composite?
False
Suppose -5*p = 5*x - 6160, -2*x - 5*p = -504 - 1951. Suppose 0 = -13*o + 18*o - x. Is o a composite number?
True
Suppose -61*j + 2*l - 837 = -62*j, 3321 = 4*j - l. Is j prime?
False
Let d be 10/3*102/85. Is (d/(-8))/((-4)/9608) a prime number?
True
Suppose -4*q = -4, 2*a = 4*q - 3*q + 19. Is (a/(-15))/(4/(-126)) a composite number?
True
Let o(p) = 3*p**2 - 3*p**2 + p**3 + 6*p - 2 + 0*p. Is o(4) prime?
False
Suppose 18*v = 9*v + 27. Suppose -5*l - 4*o = o - 7985, 5*l - 8017 = v*o. Is l composite?
False
Suppose -4*b + j = -54, 3*j - 76 = -b - 4*b. Is 11590/35 + (-2)/b prime?
True
Let n = -352 + 621. Is n a composite number?
False
Let n(l) = 2*l + 4. Let b be n(0). Suppose -c + b*i + 923 = 0, -i + 150 + 2580 = 3*c. Is c a composite number?
False
Suppose 2*v + 28 = 6*v. Suppose 474 = v*a - a. Is a a prime number?
True
Is 12/20 + (-40052)/(-5) a composite number?
False
Let q(n) be the second derivative of n**4/6 - 5*n**3/3 - 41*n**2/2 + 9*n. Is q(-4) a prime number?
True
Let n be 3*(-62)/(-6) + -2. Let q(r) = -r**2 + 5*r + 12. Let p be q(6). Let d = n - p. Is d composite?
False
Let f(c) = -c**3 + 3*c**2 + 12*c. Let n be f(5). Suppose 9*w + 1151 = n*w. Is w a composite number?
False
Suppose -4*p - p + 15 = 0. Suppose -4*l = p*y + 2*y - 8, 0 = -3*y. Suppose 196 = i + l. Is i a composite number?
True
Is 50544/30 + (-80)/(-25) + -3 a prime number?
False
Suppose -168774 = -5*f + x - 14124, 0 = f - 4*x - 30911. Is f prime?
True
Let c = 758 + -1290. Let a = 339 - c. Is a a composite number?
True
Let g = 3180 + -943. Is g a prime number?
True
Let i(z) = 4192*z**2 + z - 1. Is i(2) a composite number?
True
Let k = -3 + 11. Is 1312 + 8/(k/3) a composite number?
True
Let u = -113 + 116. Suppose u*j - 2657 = -500. Is j prime?
True
Let q = 5 + -3. Suppose q*t = 240 - 54. Is t composite?
True
Let c be 2/((-4)/8*-2). Let j be 273 + c*(-2 - -3). Suppose -2*o - 3*o = -j. Is o prime?
False
Let i(s) = 456*s - 47. Is i(18) a prime number?
True
Let j(y) = 2*y + 13. Suppose 2*k + 27 = 3. Let t be j(k). Let o(m) = -7*m + 10. Is o(t) composite?
True
Let t(d) = -2750*d - 181. Is t(-5) a composite number?
True
Suppose 3*v + 5 = 8*v. Let q be ((-16824)/(-3))/(1 + v). Suppose 2*d + 2*d - q = 0. Is d a prime number?
True
Suppose 0 = -6*m + 16*m - 64290. Is m a composite number?
True
Suppose 3*f = -i + 1, -3 = i + 5*f - 2. Suppose -3*u - 746 = -2*k, -2*k + i*u = -990 + 248. Is k a prime number?
True
Let g = -46 - -135. Is g composite?
False
Suppose -40 = -4*s - 0. Suppose -3*n + s = 4. Is 128 + n/(-1 + -1) composite?
False
Let w(o) = -2*o**2 - 3. Let a(v) = 2*v**2 - v + 4. Let r(y) = -3*a(y) - 4*w(y). Is r(13) prime?
False
Let u(g) = 2 + g**3 + 3*g**2 + 4 - 1. Let d be u(-4). Is d/(2*(-3)/114) composite?
True
Suppose -5*t = 4*l - 9197, -l + 1485 = 4*t - 828. Is l a composite number?
False
Let n be 22/(-26) + (-14)/91. Let s be 4 + -1 - (-4)/n. Is -2 + s - (-2 + -164) a composite number?
False
Let d(i) = -7*i + 3. Let f(n) = -n + 8. Let t be f(7). Let w be d(t). Is w/(-14) + 150/14 a prime number?
True
Let p(l) = 6*l**2 - 4*l - 37. Let y(c) = -c**2 + c - 2. Let q(s) = p(s) + 3*y(s). Is q(-12) composite?
False
Let j(h) = 2008*h**3 - 2*h**2 - 3*h + 1. Is j(2) prime?
False
Let a(n) = -n**2 + 9*n + 2. Suppose 0*q + 2*j = -2*q + 16, -2*q - 5*j + 13 = 0. Let m be a(q). Is (652/(1 - -1))/m a prime number?
True
Suppose 2*p + 3*q - 4 = q, -5*p = -4*q - 19. Suppose 0 = -s + 3*g + 597, -6*s = -p*s + 5*g - 1791. Is s a composite number?
True
Let w be (-9)/(-12)*4 + 0. Suppose 6265 = 5*c + g, w*c + 3*g - 1274 - 2485 = 0. Is c a prime number?
False
Is ((-1282374)/114)/(-1) + (-6)/(-57) a prime number?
False
Let b be (-14)/(-21)*(7 - 2 - 2). Suppose 0 = b*f - 1397 + 151. Is f a prime number?
False
Let g(y) = -117*y**3 - 6*y**2 + 3*y + 1. Is g(-2) composite?
False
Let u = -7278 - -11027. Is u a prime number?
False
Let n = -34042 - -18680. Is (-14)/(-28) - n/4 a composite number?
True
Suppose 0 = 5*s - 11360 - 24825. Is s a prime number?
True
Suppose -815 = -4*t + 2269. Let x = t + -452. Is x a composite number?
True
Is (-350798)/49*21/(-6) a composite number?
False
Suppose 3*r + 777 = 1920. Is r prime?
False
Let a(z) = -2*z**2 + 3*z - 1. Let b be a(3). Let r be (4/b)/((-2)/10). Suppose -r*u = -13 - 181. Is u prime?
True
Suppose -15*y + 16*y = -4. Is 2/y*6*-19 composite?
True
Let v = 2247 + -745. Is v a composite number?
True
Let q = 11016 + -6980. Suppose -q = -4*g - 0*g. Is g composite?
False
Suppose -5*r + 3*w + 17283 = 0, 0 = 3*r - 5*r + 3*w + 6906. Suppose r = 3*n - 2064. Is n prime?
False
Suppose 5*b + 22 - 7 = 0. Is (-467)/b*(2 - -1) a prime number?
True
Let w = 726 - 94. Suppose -u - w = -210. Let s = -165 - u. Is s a composite number?
False
Let u = -199 + 546. Suppose 27 = y - 3*d - 106, u = 3*y + 4*d. Is y composite?
True
Let p(t) = 1 + 7 - 12 - 3*t. Let a be p(-3). Suppose a*u - 15 = f + 40, 5*f = 0. Is u a prime number?
True
Is (((-1)/(-2))/1)/(152/382736) a composite number?
False
Suppose 0 = -4*x - 5*q + 129821, 92*q - 64924 = -2*x + 94*q. Is x a composite number?
True
Let k(g) = -5*g**2 - 6*g - 4 + g**3 - 2*g - 4. Let h = -76 - -83. Is k(h) prime?
False
Let u(d) = -1655*d + 26. Is u(-7) prime?
False
Suppose -3*b + 30 = 3*i, 0 = 5*i - 4*b + b - 10. Suppose 0 = -r - 0*r + 66. Suppose -3*k - r = -i*k. Is k a prime number?
False
Suppose 0 = h + 2*h - 9, -h = 2*v - 7. Let w = 50 + -50. Suppose 3*c + g - 706 = -w*c, v*c = 2*g + 468. Is c a prime number?
False
Is 222286*(-23 + 10)/(-26) prime?
True
Suppose 10*f = 5*f + z + 247597, 49513 = f + 3*z. Is f prime?
False
Let b(y) be the second derivative of 4*y**2 + 0 - 7*y - 1/12*y**4 - 7/3*y**3. Is b(-7) a prime number?
False
Let t be ((6 - 5) + 34)*46. Let l = t + -677. Is l a prime number?
False
Let v(d) = -4*d - 10. Let n be v(-5). Suppose -4*o + 16 = -0*o. Suppose g - n = -o. Is g a prime number?
False
Let z(x) = -x + 11. Let d be z(7). Suppose 0*m = d*r + 3*m - 4247, 5306 = 5*r + m. Is r a composite number?
False
Is (-679130)/(-6) + -1 + 3125/1875 prime?
True
Let o = 1317 + 6114. Is o composite?
True
Let a = 1081 - 1516. Let l = 902 - a. Is l a prime number?
False
Suppose -2*q + 4*w = -0*q + 4, -3*q - 6 = -5*w. Let j be (1 - q)*(3 + -4). Let p = j + 6. Is p a prime number?
True
Let q(l) = -146*l - 63. Is q(-22) composite?
True
Let d(k) = 347*k - 17. Let w be d(19). Let v = 11 - 5. Is w/16*4/v a composite number?
True
Let n(p) = -32 + 23 + 11*p**2 - 15*p + 20*p**2 - 12*p**2. Is n(8) composite?
False
Let u be ((-928)/12*-3 - -1)*-3. Let z = u - -1240. Is z a prime number?
True
Suppose 2*q + 1086 - 20140 = 0. Is q a prime number?
False
Is (50/75)/((-6)/(-246249)) a prime number?
True
Let z(k) = k**3 + 6*k + 10 + 0*k - k - 10*k**2 - 2. Let x be z(9). Let h = -9 - x. Is h a composite number?
False
Suppose -p - 2*p = -31281. Is p composite?
False
Suppose 59*o - 67*o = -33416. Is o a prime number?
True
Is ((-87)/29)/((-3)/105097) prime?
True
Suppose 2*x = -2*j 